44 = -3*d + 4*f, -3*d - 3*f - 25 = 2*d. Let q be g(d). List the prime factors of ((-24)/(-30))/(q/(-30)).
2, 3
Let c = 15 - 19. Let v(q) = -7*q. List the prime factors of v(c).
2, 7
Suppose 0*o = -5*o + 15. Suppose o*c + q = 0, 0 = -c - q - 5 + 3. What are the prime factors of c/((-15)/6)*-25?
2, 5
Suppose 4*o = 4*v + 9 + 11, -5*o + 21 = -v. Let t(d) = 20*d**2 - d. List the prime factors of t(v).
3, 7
Suppose 0*i - 5*i + 10 = 0. Suppose 0 = 4*n, i*m + 2*n - 4 - 4 = 0. List the prime factors of m.
2
Suppose 14*l - 533 = -15. What are the prime factors of l?
37
Suppose -6*l + 10*l - 104 = 0. List the prime factors of l.
2, 13
Let b(m) be the third derivative of -m**5/60 + 5*m**4/12 - 5*m**3/3 + 4*m**2. What are the prime factors of b(8)?
2, 3
Let f be -1 + -1 + (-3 - 2). Let b = 9 - f. What are the prime factors of b?
2
Let z = 5 - 11. Let k be (1 + -2)*z - 1. Suppose -s + 4*w - 16 = -k*s, -2*s + 4*w + 2 = 0. List the prime factors of s.
3
Suppose -51 = -5*y - 4*b, -b - 47 = -5*y - 4*b. What are the prime factors of (y - 7) + (5 - 1)?
2
Let r = 9 - 7. Suppose -j = -r*j + h + 9, -5*h = -4*j + 35. List the prime factors of j.
2, 5
Suppose 0 = -2*l - 3*g - 38, l + 0*g = -2*g - 18. Let i = l - -37. List the prime factors of i.
3, 5
Let b(h) = h**3 + 8*h**2 + 10. Suppose g - 3*p - 2*p - 7 = 0, -p = -2*g - 13. Let l be b(g). Suppose -l = -3*r + r. List the prime factors of r.
5
Suppose 4*u - 5*b = 3, 0 = -4*u - 5*b + 13. Suppose u = -x - x. Let n = 14 + x. List the prime factors of n.
13
Suppose -6*l + 325 = -131. List the prime factors of l.
2, 19
Let p(c) be the second derivative of -1/6*c**3 + 0 + 1/12*c**4 + c - 5/2*c**2. List the prime factors of p(4).
7
Suppose -86 = -2*w - 4*v, 4*w - 208 = 2*v - 36. List the prime factors of w.
43
Let k(s) = 2*s**2 + 15*s - 6. What are the prime factors of k(-13)?
137
What are the prime factors of (-1)/3*(1 + 122)*-1?
41
Suppose 3*p - 20 = 4*u, 5*u + 27 - 2 = 0. Suppose 0*i - 5*m = i - 4, -3*i - 5*m + 32 = p. List the prime factors of i.
2, 7
Let h = -14 + 66. What are the prime factors of h?
2, 13
Let x be -1 - (-1 + (-4)/1). What are the prime factors of (x - 5 - -11)*2?
2, 5
Let t be (-22 + -1)/((-3)/3). Suppose -4*v + 2*j = -15 - 97, 0 = v - 3*j - t. List the prime factors of v.
29
Let i(j) = -1. Let f(g) = -g - 1. Let c(h) = f(h) - 2*i(h). Let l = -16 - -9. What are the prime factors of c(l)?
2
Let d(i) = i**3 - 4*i**2 - 7*i + 7. Suppose 4*t + 4*c = c + 35, 4*t + c - 25 = 0. Let v be d(t). List the prime factors of (-3)/(v/11) - 2.
3
Let j be (1 - 1) + (-32)/(-4). Suppose -j - 40 = -4*l. List the prime factors of l.
2, 3
Let z(x) = x**2 + x + 1. Let c be z(-2). Suppose 3*p - 4*q = 99, -2*q + c*q = 3*p - 99. What are the prime factors of p?
3, 11
Let i(o) = 8*o + 4. Suppose r = 4*r - 15. Let u be i(r). Suppose -2*s - u = -6*s. List the prime factors of s.
11
Let j(g) = g**2 + 7*g - 1. Let x be j(-8). Let s(c) = 2*c - 7. List the prime factors of s(x).
7
Let w(u) = 5 + 5*u - 2*u - 2*u - 2. Let h(l) = l + 2. Let s(j) = -5*h(j) + 6*w(j). List the prime factors of s(-5).
3
Let s be 2/(-7) - 60/(-14). Suppose -3*o + 121 = p, -4*o + 4*p + 23 = -3*o. Suppose -o = r - s*r. What are the prime factors of r?
13
Let l = 27 - -27. Let d = 90 - l. Let z = d + -26. List the prime factors of z.
2, 5
Let z be (27/2)/(3/8). Let v be ((-27)/18)/(3/(-4)). Suppose v*h = 5*h - z. List the prime factors of h.
2, 3
Let g be 16/6 + 1/3. Suppose 3*n - 3 = 9. Let m = g + n. What are the prime factors of m?
7
Let j be (-1 - -1*2)*0. Suppose -2*w + 3 + 7 = j. Suppose -32 = -w*r + 28. What are the prime factors of r?
2, 3
Let v be (-2 - -5) + 196/(-4). Let u be v/(-4) - (-1)/(-2). Suppose -19 = -5*b + u. List the prime factors of b.
2, 3
Let l(d) = 31*d - 44. What are the prime factors of l(5)?
3, 37
Let g(f) = 3*f + 3*f - f - 1 + 0*f. List the prime factors of g(1).
2
Let m be ((-58)/(-1) - -1) + -2. Suppose -4*i + m = -i. List the prime factors of i.
19
Let m = 16 - 22. What are the prime factors of ((-39)/m*-2)/(-1)?
13
Suppose -5*o = -16 + 6. Suppose 0 = -2*g + 4*t + 24, -o*t - 68 = -4*g - g. Suppose -11*k - g = -12*k. List the prime factors of k.
2, 7
Let k(o) = 4*o**3 + o**2 - o. Let i(y) = y - 8. Let u be i(9). Let c be k(u). Suppose c*b = 2*x + 5*b - 37, -5*x - 4*b + 91 = 0. List the prime factors of x.
19
Let t = -91 - -125. List the prime factors of t.
2, 17
Let q be 2/(-3) + (-6)/18. Let n = 20 - 37. Let f = q - n. What are the prime factors of f?
2
Suppose 6*u = u + 3*s + 12, -3*s = -3*u + 12. Suppose -3*a + 3*j + 15 = u, -3*j = -1 + 7. Suppose g = -0*g + a. List the prime factors of g.
3
Let t(r) = -r + 42. Let h be t(0). Suppose 6*l - h = 4*l. What are the prime factors of l?
3, 7
Let l(v) be the second derivative of v**5/20 - 5*v**4/12 - 2*v**3/3 + 9*v**2/2 + v. List the prime factors of l(6).
3, 7
Let q(u) = 4*u - 8. Let w be q(6). Suppose -2*p = -3*p + w. What are the prime factors of p?
2
Let y = 86 - -44. List the prime factors of y.
2, 5, 13
Suppose -94 = -3*t + a, 4*t = -0*t + a + 127. Suppose -n + 13 = b, -b = -n + 6*n - t. List the prime factors of b.
2
What are the prime factors of 5/(10/218) - 3?
2, 53
Let x be (-1 + (-56)/(-6))*-12. Let q = x + 141. Suppose 6 = -u + 2, -3*l + 2*u + q = 0. What are the prime factors of l?
11
List the prime factors of (231/(-55))/((-1)/5).
3, 7
Let z be (-4)/((-6)/3) + 5. Suppose -49 = -m - z. List the prime factors of m.
2, 3, 7
Suppose u - 2 = 34. List the prime factors of u.
2, 3
Let v(h) = -3*h**2 - 1 + 5*h**2 + h - 2*h. List the prime factors of v(3).
2, 7
Suppose o = 5*k - 9, -k - 3*o + 4 = -1. Suppose -80 = -3*h + 16. List the prime factors of (-2 - -3) + h/k.
17
Suppose -3*z = k - 90, -3*k - 5*z = -k - 182. What are the prime factors of k?
2, 3
Let u = -56 - -101. List the prime factors of u.
3, 5
Let a(r) = -r**2 - 7*r - 4. Let v be a(-5). Suppose 3*f - 21 - v = 0. List the prime factors of f.
3
Suppose 0 = -4*h + 2*h - k + 69, 0 = 5*h - k - 169. What are the prime factors of h?
2, 17
List the prime factors of -3 - 790/(0 - 5).
5, 31
Let m(g) = -4 - 5*g + 4*g**2 + g**2 - 4*g**2. Let o be m(6). List the prime factors of ((-6)/o)/((-6)/16).
2
Let d(i) = -i**2 + 2*i - 1. Let s be d(1). Suppose s = 5*o - 50 - 30. Suppose c + o = 2*c. List the prime factors of c.
2
Suppose -33 = -s + 4*d, -2*d - d - 126 = -3*s. Suppose 0 = 4*f + f + s. Let o = 2 - f. List the prime factors of o.
11
Let d = -8 + 11. Suppose -n + d*t + 19 = 0, t + 108 = 4*n + 5*t. What are the prime factors of n?
5
Suppose 5*a - 4*c - 1307 = 0, a + c + 3*c = 247. What are the prime factors of a?
7, 37
Suppose -q - 60 = -3*q. What are the prime factors of q?
2, 3, 5
Let r(p) = -p**2 - 11*p - 3. Let t be r(-10). Suppose -14 - t = -3*k. List the prime factors of k.
7
Let w(z) = -9*z**3 - 3*z**2 + 19*z - 4. Let x(l) = -4*l**3 - l**2 + 9*l - 2. Let p(s) = 3*w(s) - 7*x(s). List the prime factors of p(4).
2, 5
List the prime factors of 3/(-15) + (-22)/(-10).
2
What are the prime factors of 4*2*8/((-80)/(-115))?
2, 23
Suppose -7*g + 115 = -2*g. What are the prime factors of g?
23
Suppose -5*g = -0*g + 80. Let t be (12/(-15))/((-2)/(-10)). Let m = t - g. List the prime factors of m.
2, 3
Let q(o) = o. Let b be q(-2). Let h(f) = f**2 - 2. What are the prime factors of h(b)?
2
Suppose 2*r - 6 = -0. List the prime factors of r.
3
Let v be 15/20 - 74/(-8). Suppose c - f = 0, -2*f - v = -4*f. List the prime factors of c.
5
Suppose 0 = 2*o - 5*p - 22, 6*o - 55 = o + 4*p. What are the prime factors of o?
11
Let p(h) = h**3 - 7*h**2 + h - 5. Let q be p(7). Suppose d + o + q*o = 11, o = 4*d - 18. List the prime factors of d.
5
Suppose 5*n - r - 23 = 4, 5*n + 3*r = 19. Suppose -3*w - n*k = -14, 2*w = w - 3*k + 6. List the prime factors of w.
3
Let j(c) = -12*c - 11. List the prime factors of j(-2).
13
Let t(x) = -x**2 - 8*x + 7. Let w(i) = -i**2 + 2*i + 1. Let y be w(-2). List the prime factors of t(y).
2, 7
Let m be (4/(-6))/((-4)/60). Let i(t) = 2 - 4*t + 3*t + 10. What are the prime factors of i(m)?
2
Suppose 0 + 16 = -4*p. Let o = p - -12. What are the prime factors of o?
2
Let n(r) be the first derivative of 5*r**3/3 + r**2/2 - r + 1. Let m(s) = s**3 + 10*s**2 - s - 9. Let w be m(-10). List the prime factors of n(w).
5
